
15
Let c be 42/4*8/6. Let f(m) = 24*m - 2. Suppose 0 = -2*s + 6*s + 4*l, s = 3*l + 12. Let n be f(s). Calculate the highest common divisor of c and n.
14
Let a(g) = g**2 - 3*g + 12. Let x(b) = 2*b - 13. Let s(z) = 3*a(z) + 2*x(z). Let h be s(6). Calculate the greatest common factor of h and 11.
11
Let s(q) = -6*q**3 - q**2 - q - 1. Let l be s(-1). Suppose l*t - 46 + 16 = 0. Let v be (9 - -1)*(-36)/(-15). Calculate the highest common divisor of v and t.
6
Let i be (24/(-10))/(5/50). Let v = -19 - i. What is the highest common factor of v and 10?
5
Let y = 1 + 6. Let k = y + 1. What is the highest common divisor of 1 and k?
1
Suppose 31 = 3*o + 2*z, 50 = 5*o - z - 6. Let l be -3 + (90 - 1) + 2. What is the greatest common divisor of o and l?
11
Let y be (5 - (-145)/(-20))/((-6)/16). Let c = -1 - -1. Suppose c = -3*p + 2 + 7. Calculate the greatest common divisor of y and p.
3
Let k be (-33)/2*4/(-6). Suppose -9 = -g - 3*z, -2*g + 6 = -g + 2*z. Suppose g*v - 88 = -v. Calculate the highest common divisor of v and k.
11
Suppose 0*v + 180 = 4*v. What is the greatest common divisor of 30 and v?
15
Suppose 6*o - 3*o - 42 = 0. Calculate the highest common divisor of 35 and o.
7
Let q be 4/(-18) - 6080/(-144). What is the highest common factor of 6 and q?
6
Suppose -105 = -2*f + 45. What is the greatest common factor of 15 and f?
15
Let q = -149 - -266. What is the greatest common divisor of q and 13?
13
Suppose -1150 = 5*d - 0*d. Let z be 12/(-8) - d/4. Calculate the greatest common factor of z and 14.
14
Let s(i) = -3*i - 4. Let m be s(-5). Let v(t) = 20*t + 4. Let z be v(2). What is the greatest common divisor of z and m?
11
Suppose 3 = -5*b - 2*n + 26, 2*b + 4*n = 22. Let r = 23 - b. Let c = -9 - -11. What is the greatest common divisor of r and c?
2
Let n(z) = z**3 + 5*z**2 - z - 1. Let f be n(-5). Let y be f*-4*3/(-6). Calculate the highest common divisor of 1 and y.
1
Let s be 10 - (-2 - -2) - 0. Let h(q) be the first derivative of -3*q**2/2 - 4*q + 1. Let y be h(-3). Calculate the highest common factor of s and y.
5
Let i(v) = v**2 + 4*v + 10. Let a be i(-7). Calculate the greatest common divisor of 217 and a.
31
Let s(p) = -p**3 - 5*p**2 + 3. Let n be s(-6). Calculate the highest common divisor of n and 13.
13
Let h(l) = 14*l**3 + l**2. Let c be h(1). Let m = c + -10. Calculate the greatest common divisor of m and 55.
5
Suppose 0 = 3*p - 56 - 199. What is the highest common divisor of p and 17?
17
Let u = 0 - -16. Let o = -10 + u. What is the greatest common factor of 30 and o?
6
Suppose 2*v = 3*k - 11, -k - 2 - 1 = v. Suppose 20 = -4*w, -2*y - 19 = 4*w + w. Let s = y - k. Calculate the greatest common divisor of s and 14.
2
Suppose -42 = k - 4*k - 5*s, 3*k = -4*s + 39. Calculate the highest common factor of 27 and k.
9
Let o(h) = 5*h + 8. Let p be o(2). What is the greatest common factor of p and 72?
18
Suppose -104 - 31 = -5*b. What is the highest common divisor of 135 and b?
27
Let c be 8/(-16)*(0 + 6). Let h be ((-24)/(-9))/((-1)/c). Let j(i) = -i. Let v be j(-4). What is the highest common factor of h and v?
4
Let r = -4 + 6. Suppose r*c - 3*u - 16 = 0, 2*u + 1 + 3 = 0. Suppose b = -5*v + 202, 3*v - 4*v + 48 = 4*b. What is the highest common factor of v and c?
5
Suppose z = 3*w - 2*w - 75, 0 = 4*z. Suppose 3*i + w = 6*i. Calculate the highest common factor of i and 5.
5
Let c = -62 + 132. Let j be (-4 + 9)/(3/6). Calculate the greatest common divisor of j and c.
10
Suppose -5*p - 2 = -27. Let q(v) = -v**3 + 7*v**2 - 2*v - 1. Let b be q(p). Suppose -3*o = -144 + b. Calculate the greatest common divisor of 14 and o.
7
Let s be 58/18 - 6/27. Suppose s*q = -2*q + 25. Suppose 5*h + 4*x - 325 = -x, 325 = q*h - 4*x. What is the highest common factor of 13 and h?
13
Let p = 10 + -7. Suppose -2*u - 4*i + 1 = -7, p*u = -3*i + 15. Let h be (-615)/(-25) - 6/10. Calculate the greatest common divisor of h and u.
6
Let p = 9 + 5. Suppose s + s - p = 0. Calculate the highest common factor of 7 and s.
7
Let g(y) = -2*y + 65. Let m be g(11). Calculate the highest common divisor of m and 172.
43
Let u be 3 - -3 - (1 + -1). What is the highest common factor of 9 and u?
3
Let n = -58 + 72. What is the greatest common divisor of 112 and n?
14
Let n(w) = w**3 + 8*w**2 - w - 6. Let l be n(-8). Let y be ((7 - l) + -1)/2. Suppose 0 = -4*u + y*u + 36. What is the highest common divisor of 45 and u?
9
Let j be -8*3/12*38. Let n be j/(-28) + (-4)/(-14). Let v be (26/n)/((-2)/(-6)). What is the highest common factor of 65 and v?
13
Let r = -28 + 39. Let b(w) = 2*w**2 - 11*w + 14. Let g be b(9). Calculate the greatest common factor of g and r.
11
Suppose -d = -4*d - 3. Let v be -3 + (d - -6) - -54. What is the highest common divisor of 8 and v?
8
Let s(w) = -w**3 - 15*w**2 + 15*w + 15. Let r be s(-17). Calculate the highest common divisor of r and 26.
26
Let t = 34 - -4. Suppose 0 = -4*x - 16, 0*h - 4*x + 41 = 3*h. Calculate the highest common factor of h and t.
19
Let i be (-6)/(-27) + (-1750)/(-63). Calculate the highest common divisor of i and 252.
28
Suppose 6*p - 8*p = -36. Calculate the greatest common divisor of 2 and p.
2
Let c be (-1850)/(-12) - (-1)/(-6). What is the greatest common divisor of c and 14?
14
Let c be -12 + (1 - -1)/2. Let g = 34 - c. Let l = -31 + 49. Calculate the highest common divisor of g and l.
9
Let t(r) = -r + 1. Let x be t(3). Let u = x + 7. Suppose u*y - 220 = y. What is the greatest common factor of y and 22?
11
Let s = 192 + -75. What is the highest common divisor of 9 and s?
9
Let z(k) = k**3 - k**2 - 2*k + 2. Let w be z(3). Calculate the greatest common factor of 126 and w.
14
Let z = 33 - 11. Suppose -2*k + z = 2*r - r, 4*r + 32 = 4*k. Calculate the highest common divisor of k and 110.
10
Suppose -377 - 55 = -x. Calculate the highest common divisor of 16 and x.
16
Suppose -4*t = 1 - 13. What is the highest common divisor of t and 15?
3
Let f be 6/(-21) - 23/(-7). Suppose -4*m + 3*m + 21 = 0. What is the greatest common factor of f and m?
3
Suppose 3*y = 26 + 4. Suppose -q - 4*f - y = 0, 2*f = -q + 2*q - 8. Suppose -o + 5*c = -7, 5*o = q*c + 2 + 33. What is the highest common factor of o and 7?
7
Suppose 3*s + 44 = -31. Let g = -12 - s. What is the greatest common factor of 91 and g?
13
Let r(p) = p**3 + 4*p**2 - 5*p + 5. Let z be ((-5)/4)/(1/4). Let x be r(z). Suppose -3*y = 2*y - 125. Calculate the greatest common factor of y and x.
5
Let z be 3/(-18) - (-242)/12. Calculate the greatest common factor of 80 and z.
20
Let b = 26 - 6. Calculate the highest common factor of b and 80.
20
Suppose 0 = -v + 2 - 0. Suppose 0 = v*y + 4*w - 6, -5*y + 3*w + 75 = 8. Let u(s) = -73*s - 18. Let o be u(-1). What is the highest common factor of o and y?
11
Let y = 160 + -80. Suppose 0 = 4*w + 2*o - 64, 0 = 7*w - 2*w + o - y. Let k = 75 - -37. What is the greatest common factor of w and k?
16
Let c = -2 + 8. What is the highest common factor of 24 and c?
6
Let d(q) = q**3 + 8*q**2 + 5*q - 9. Let f be d(-7). Let z be 0 - (1 + -2 + -1). Let o be (8/(-6))/(z/(-30)). What is the greatest common factor of o and f?
5
Let p(f) = -9*f + 2. Let q be p(-3). Suppose -q - 11 = -4*v. Calculate the greatest common divisor of 10 and v.
10
Let v be ((-10)/4)/(5/(-10)). Let m be (-1)/(3/(-60) - 0). Calculate the highest common divisor of v and m.
5
Let w be 18*(1/((-2)/(-6)) - 1). What is the highest common divisor of w and 12?
12
Suppose 9*x - 5*x - 80 = 0. Calculate the highest common divisor of 100 and x.
20
Suppose -4*p = 5*j - 2*j - 4, j = 5*p + 33. Let v be j/(-20) - 162/(-5). Let s = 34 - 18. What is the greatest common factor of s and v?
16
Let y = -80 + 179. Calculate the greatest common divisor of y and 22.
11
Suppose m + 30 + 104 = 3*t, 94 = 2*t - 3*m. Suppose -l + g + 115 = 0, l = 4*l + 3*g - 315. Calculate the greatest common factor of t and l.
22
Let u be 108*(2/(-4) - -1). Calculate the greatest common divisor of 6 and u.
6
Let v = -24 - -50. Suppose g - 4*g = 0. Suppose g = -2*q - 3*q + 325. Calculate the greatest common divisor of q and v.
13
Suppose -2*l + 27 = -5*l. Let n = 61 + l. Let m = 21 + -8. Calculate the highest common factor of n and m.
13
Let v be -3 - 1/((-2)/(-4)). Let r = 13 + v. Let j(x) = -16*x**3 + x**2 + 2*x + 1. Let h be j